{"id":1,"date":"2019-10-24T13:04:09","date_gmt":"2019-10-24T13:04:09","guid":{"rendered":"https:\/\/man.stvplus.si\/?p=1"},"modified":"2021-01-20T12:23:48","modified_gmt":"2021-01-20T12:23:48","slug":"home","status":"publish","type":"page","link":"https:\/\/man.stvplus.si\/","title":{"rendered":"Home"},"content":{"rendered":"<ul>\n<li>\n<p>        <img src=\"\/wp-content\/uploads\/2021\/01\/MAN_TGM_width_2048_height_741.jpg\" alt=\"\"><\/p>\n<\/li>\n<li>\n<p>        <img src=\"\/wp-content\/uploads\/2021\/01\/MAN6431.tif-1.png\" alt=\"\"><\/p>\n<h3>_MAN6431.tif<\/h3>\n<\/li>\n<li>\n<p>        <img src=\"\/wp-content\/uploads\/2021\/01\/10120_Kuestenstrasse_ret.psd.png\" alt=\"\"><\/p>\n<h3>10120_Kuestenstrasse_ret.psd<\/h3>\n<\/li>\n<\/ul>\n<div>\n<div>\n<h3><strong>STV PLUS | Poobla\u0161\u010deni serviser vozil MAN<\/strong><\/h3>\n<\/div>\n<\/div>\n<ul>\n<li>\n<p>        <img src=\"\/wp-content\/uploads\/2021\/01\/Untitled-22-scaled.jpg\" alt=\"\"><\/p>\n<h3>O podjetju<\/h3>\n<div>\n<p style=\"text-align: justify;\">Podjetje STV Plus d.o.o. je specializirani serviser za tovorna vozila, lahka tovorna vozila in njihove nadgradnje, z ve\u010d kot 20 letnimi izku\u0161njami. <\/p>\n<p style=\"text-align: justify;\">Na\u0161i delavnici, v <strong>Novem mestu<\/strong> in na <strong>Bi\u010du<\/strong>, sta opremljeni z vsemi potrebnimi elektronskimi testerji, specialnimi orodji in napravami za popravilo vseh vrst okvar. Vedno se potrudimo, da servis izvedemo hitro ter se prilagodimo va\u0161im \u017eeljam.<\/p>\n<\/div>\n<\/li>\n<li>\n<p>        <img src=\"\/wp-content\/uploads\/2021\/01\/slika1.png\" alt=\"\"><\/p>\n<h3>Servis<\/h3>\n<div>\n<p style=\"text-align: justify;\"><span style=\"color: #000000;\"><strong>Smo specializirani serviser za tovorna vozila, lahka tovorna vozila in njihove nadgradnje z ve\u010d kot 20 letnimi izku\u0161njami.<\/strong><\/span><\/p>\n<ul>\n<li><span style=\"color: #000000;\">redni in izredni servis za tovorna vozila<\/span><\/li>\n<li><span style=\"color: #000000;\">razli\u010dna popravila vseh vrst tovornih vozil<\/span><\/li>\n<li><span style=\"color: #000000;\">celostne storitve na podro\u010dju servisiranja in vzdr\u017eevanja vozila (motor, sklopi, diferencial, menjalnik \u2026)<\/span><\/li>\n<li><span style=\"color: #000000;\">\u0161e mnoge druge storitve<\/span><\/li>\n<\/ul>\n<p>\u00a0<\/p>\n<\/div>\n<\/li>\n<li>\n<h3>KONTAKT<\/h3>\n<div>\n<p>STV Plus d.o.o.<br \/>Lo\u010dna 10a<br \/>8000 Novo mesto<\/p>\n<p>\u00a0<\/p>\n<p>\u00a0<\/p>\n<p>T: + 386 (7) 373 04 15 <br \/>T: + 386 (7) 373 04 25 <br \/>T: + 386 (7) 373 04 29<\/p>\n<p>E: <a href=\"mailto:info@stvplus.si\">info@stvplus.si<\/a><\/p>\n<p>\u00a0<\/p>\n<p>\u00a0<\/p>\n<p>Delovni \u010das: \u00a0\u00a0\u00a0\u00a0\u00a0\u00a0 <br \/>Pon-Pet: 7.00 \u2013 17.00 \u00a0\u00a0\u00a0\u00a0\u00a0 <br \/>Sob: 7.00 \u2013 15.00<\/p>\n<p>\u00a0<\/p>\n<\/div>\n<\/li>\n<\/ul>\n<hr>\n<h1>KONTAKT<\/h1>\n<div>\n<p>STV Plus d.o.o.<br \/>Lo\u010dna 10a<br \/>8000 Novo mesto<\/p>\n<p>T: + 386 (7) 373 04 15 <br \/>T: + 386 (7) 373 04 25 <br \/>T: + 386 (7) 373 04 29<\/p>\n<\/div>\n<div>\n<h3>STV Plus<\/h3>\n<div>\n<p><img loading=\"lazy\" class=\"alignnone size-medium wp-image-1433\" src=\"https:\/\/man.stvplus.si\/wp-content\/uploads\/2021\/01\/STV-01-300x131.png\" alt=\"\" width=\"300\" height=\"131\" srcset=\"https:\/\/man.stvplus.si\/wp-content\/uploads\/2021\/01\/STV-01-300x131.png 300w, https:\/\/man.stvplus.si\/wp-content\/uploads\/2021\/01\/STV-01-1024x447.png 1024w, https:\/\/man.stvplus.si\/wp-content\/uploads\/2021\/01\/STV-01-768x335.png 768w, https:\/\/man.stvplus.si\/wp-content\/uploads\/2021\/01\/STV-01-1536x670.png 1536w, https:\/\/man.stvplus.si\/wp-content\/uploads\/2021\/01\/STV-01-2048x893.png 2048w\" sizes=\"(max-width: 300px) 100vw, 300px\" \/><\/p>\n<\/div>\n<p>45.8243,15.1784<\/p>\n<\/div>\n<p><!-- {\"type\":\"layout\",\"children\":[{\"type\":\"section\",\"props\":{\"style\":\"default\",\"width\":\"large\",\"vertical_align\":\"middle\",\"title_position\":\"top-left\",\"title_rotation\":\"left\",\"title_breakpoint\":\"xl\",\"image_position\":\"center-center\",\"padding\":\"none\",\"padding_remove_top\":false},\"children\":[{\"type\":\"row\",\"props\":{\"width\":\"xlarge\",\"margin_remove_bottom\":true,\"padding_remove_horizontal\":true},\"children\":[{\"type\":\"column\",\"props\":{\"image_position\":\"center-center\",\"media_overlay_gradient\":\"\",\"width_medium\":\"1-1\"},\"children\":[{\"type\":\"slideshow\",\"props\":{\"show_title\":false,\"show_meta\":false,\"show_content\":false,\"show_link\":false,\"show_thumbnail\":false,\"slideshow_min_height\":300,\"slideshow_autoplay_pause\":true,\"nav\":\"\",\"nav_position\":\"bottom-center\",\"nav_position_margin\":\"small\",\"nav_align\":\"center\",\"nav_breakpoint\":\"s\",\"thumbnav_width\":\"100\",\"thumbnav_height\":\"75\",\"thumbnav_svg_color\":\"emphasis\",\"slidenav\":\"default\",\"slidenav_margin\":\"medium\",\"slidenav_breakpoint\":\"s\",\"slidenav_outside_breakpoint\":\"xl\",\"overlay_position\":\"center-left\",\"overlay_animation\":\"parallax\",\"title_element\":\"h3\",\"meta_style\":\"meta\",\"meta_align\":\"below-title\",\"meta_element\":\"div\",\"link_text\":\"Read more\",\"link_style\":\"default\",\"margin\":\"default\",\"content_style\":\"lead\",\"content_margin\":\"xlarge\",\"slideshow_autoplay\":true,\"slidenav_hover\":true,\"slidenav_large\":true,\"margin_remove_bottom\":true},\"children\":[{\"type\":\"slideshow_item\",\"props\":{\"title\":\"\",\"image\":\"wp-content\\\/uploads\\\/2021\\\/01\\\/MAN_TGM_width_2048_height_741.jpg\",\"meta\":\"\",\"text_color\":\"light\",\"content\":\"\"}},{\"type\":\"slideshow_item\",\"props\":{\"title\":\"_MAN6431.tif\",\"image\":\"wp-content\\\/uploads\\\/2021\\\/01\\\/MAN6431.tif-1.png\"}},{\"type\":\"slideshow_item\",\"props\":{\"title\":\"10120_Kuestenstrasse_ret.psd\",\"image\":\"wp-content\\\/uploads\\\/2021\\\/01\\\/10120_Kuestenstrasse_ret.psd.png\"}}]},{\"type\":\"panel\",\"props\":{\"link_text\":\"Read more\",\"title_hover_style\":\"reset\",\"title_element\":\"h3\",\"title_align\":\"top\",\"title_grid_width\":\"1-2\",\"title_grid_breakpoint\":\"m\",\"meta_style\":\"meta\",\"meta_align\":\"below-title\",\"meta_element\":\"div\",\"content_column_breakpoint\":\"m\",\"icon_width\":80,\"image_align\":\"top\",\"image_grid_width\":\"1-2\",\"image_grid_breakpoint\":\"m\",\"image_svg_color\":\"emphasis\",\"link_style\":\"default\",\"margin\":\"\",\"title\":\"\",\"panel_style\":\"card-secondary\",\"margin_remove_top\":true,\"text_align\":\"center\",\"position\":\"relative\",\"title_color\":\"primary\",\"content\":\"\n\n<h3><strong>STV PLUS | Poobla\\u0161\\u010deni serviser vozil MAN<\\\/strong><\\\/h3>\",\"content_align\":true}}]}]}],\"name\":\"Home\"},{\"type\":\"section\",\"props\":{\"style\":\"default\",\"width\":\"large\",\"vertical_align\":\"middle\",\"title_position\":\"top-left\",\"title_rotation\":\"left\",\"title_breakpoint\":\"xl\",\"image_position\":\"center-center\",\"id\":\"predstavitev\"},\"children\":[{\"type\":\"row\",\"children\":[{\"type\":\"column\",\"props\":{\"image_position\":\"center-center\",\"media_overlay_gradient\":\"\"},\"children\":[{\"type\":\"grid\",\"props\":{\"show_title\":true,\"show_meta\":true,\"show_content\":true,\"show_image\":true,\"show_link\":true,\"grid_default\":\"1\",\"grid_medium\":\"3\",\"filter_style\":\"tab\",\"filter_all\":true,\"filter_position\":\"top\",\"filter_align\":\"left\",\"filter_grid_width\":\"auto\",\"filter_grid_breakpoint\":\"m\",\"title_hover_style\":\"reset\",\"title_element\":\"h3\",\"title_align\":\"top\",\"title_grid_width\":\"1-2\",\"title_grid_breakpoint\":\"m\",\"meta_style\":\"meta\",\"meta_align\":\"below-title\",\"meta_element\":\"div\",\"content_column_breakpoint\":\"m\",\"icon_width\":80,\"image_align\":\"top\",\"image_grid_width\":\"1-2\",\"image_grid_breakpoint\":\"m\",\"image_svg_color\":\"emphasis\",\"link_text\":\"Read more\",\"link_style\":\"default\",\"margin\":\"default\",\"item_animation\":\"\",\"title_style\":\"h2\",\"title_link\":false,\"grid_divider\":true},\"children\":[{\"type\":\"grid_item\",\"props\":{\"title\":\"O podjetju\",\"image\":\"wp-content\\\/uploads\\\/2021\\\/01\\\/Untitled-22-scaled.jpg\",\"meta\":\"\",\"content\":\"\n\n<p style=\\\"text-align: justify;\\\">Podjetje STV Plus d.o.o. je specializirani serviser za tovorna vozila, lahka tovorna vozila in njihove nadgradnje, z ve\\u010d kot 20 letnimi izku\\u0161njami. <\\\/p>\\n\n\n<p style=\\\"text-align: justify;\\\">Na\\u0161i delavnici, v <strong>Novem mestu<\\\/strong> in na <strong>Bi\\u010du<\\\/strong>, sta opremljeni z vsemi potrebnimi elektronskimi testerji, specialnimi orodji in napravami za popravilo vseh vrst okvar. Vedno se potrudimo, da servis izvedemo hitro ter se prilagodimo va\\u0161im \\u017eeljam.<\\\/p>\"}},{\"type\":\"grid_item\",\"props\":{\"title\":\"Servis\",\"image\":\"wp-content\\\/uploads\\\/2021\\\/01\\\/slika1.png\",\"content\":\"\n\n<p style=\\\"text-align: justify;\\\"><span style=\\\"color: #000000;\\\"><strong>Smo specializirani serviser za tovorna vozila, lahka tovorna vozila in njihove nadgradnje z ve\\u010d kot 20 letnimi izku\\u0161njami.<\\\/strong><\\\/span><\\\/p>\\n\n\n<ul>\\n\n\n<li><span style=\\\"color: #000000;\\\">redni in izredni servis za tovorna vozila<\\\/span><\\\/li>\\n\n\n<li><span style=\\\"color: #000000;\\\">razli\\u010dna popravila vseh vrst tovornih vozil<\\\/span><\\\/li>\\n\n\n<li><span style=\\\"color: #000000;\\\">celostne storitve na podro\\u010dju servisiranja in vzdr\\u017eevanja vozila (motor, sklopi, diferencial, menjalnik \\u2026)<\\\/span><\\\/li>\\n\n\n<li><span style=\\\"color: #000000;\\\">\\u0161e mnoge druge storitve<\\\/span><\\\/li>\\n<\\\/ul>\\n\n\n<p>\\u00a0<\\\/p>\"}},{\"type\":\"grid_item\",\"props\":{\"title\":\"KONTAKT\",\"content\":\"\n\n<p>STV Plus d.o.o.<br \\\/>Lo\\u010dna 10a<br \\\/>8000 Novo mesto<\\\/p>\\n\n\n<p>\\u00a0<\\\/p>\\n\n\n<p>\\u00a0<\\\/p>\\n\n\n<p>T: + 386 (7) 373 04 15 <br \\\/>T: + 386 (7) 373 04 25 <br \\\/>T: + 386 (7) 373 04 29<\\\/p>\\n\n\n<p>E: <a href=\\\"mailto:info@stvplus.si\\\">info@stvplus.si<\\\/a><\\\/p>\\n\n\n<p>\\u00a0<\\\/p>\\n\n\n<p>\\u00a0<\\\/p>\\n\n\n<p>Delovni \\u010das: \\u00a0\\u00a0\\u00a0\\u00a0\\u00a0\\u00a0 <br \\\/>Pon-Pet: 7.00 \\u2013 17.00 \\u00a0\\u00a0\\u00a0\\u00a0\\u00a0 <br \\\/>Sob: 7.00 \\u2013 15.00<\\\/p>\\n\n\n<p>\\u00a0<\\\/p>\"}}],\"modified\":\"2021-01-19T12:59:06.093Z\",\"name\":\"grid stv\"}]}]}],\"name\":\"Predstavitev\"},{\"type\":\"section\",\"props\":{\"style\":\"default\",\"width\":\"large\",\"vertical_align\":\"middle\",\"title_position\":\"top-left\",\"title_rotation\":\"left\",\"title_breakpoint\":\"xl\",\"image_position\":\"center-center\"},\"children\":[{\"type\":\"row\",\"children\":[{\"type\":\"column\",\"props\":{\"image_position\":\"center-center\",\"media_overlay_gradient\":\"\"},\"children\":[{\"type\":\"divider\",\"props\":{\"divider_element\":\"hr\",\"margin_remove_top\":false,\"margin_remove_bottom\":false}}]}]}]},{\"type\":\"section\",\"props\":{\"style\":\"default\",\"width\":\"large\",\"vertical_align\":\"middle\",\"title_position\":\"top-left\",\"title_rotation\":\"left\",\"title_breakpoint\":\"xl\",\"image_position\":\"center-center\",\"id\":\"kontakt\"},\"children\":[{\"type\":\"row\",\"props\":{\"layout\":\"1-3,2-3\",\"divider\":true,\"column_gap\":\"small\"},\"children\":[{\"type\":\"column\",\"props\":{\"image_position\":\"center-center\",\"media_overlay_gradient\":\"\",\"width_medium\":\"1-3\",\"image\":\"\"},\"children\":[{\"type\":\"headline\",\"props\":{\"title_element\":\"h1\",\"content\":\"KONTAKT\"}},{\"type\":\"text\",\"props\":{\"margin\":\"default\",\"column_breakpoint\":\"m\",\"content\":\"\n\n<p>STV Plus d.o.o.<br \\\/>Lo\\u010dna 10a<br \\\/>8000 Novo mesto<\\\/p>\\n\n\n<p>T: + 386 (7) 373 04 15 <br \\\/>T: + 386 (7) 373 04 25 <br \\\/>T: + 386 (7) 373 04 29<\\\/p>\"}}]},{\"type\":\"column\",\"props\":{\"image_position\":\"center-center\",\"media_overlay_gradient\":\"\",\"width_medium\":\"2-3\"},\"children\":[{\"type\":\"map\",\"props\":{\"show_title\":true,\"type\":\"roadmap\",\"zoom\":10,\"controls\":true,\"zooming\":false,\"dragging\":false},\"children\":[{\"type\":\"map_marker\",\"props\":{\"title\":\"STV Plus\",\"location\":\"45.8243,15.1784\",\"content\":\"\n\n<p><img class=\\\"alignnone size-medium wp-image-1433\\\" src=\\\"https:\\\/\\\/man.stvplus.si\\\/wp-content\\\/uploads\\\/2021\\\/01\\\/STV-01-300x131.png\\\" alt=\\\"\\\" width=\\\"300\\\" height=\\\"131\\\" \\\/><\\\/p>\"}}]}]}]}],\"name\":\"Kontakt\"}],\"version\":\"2.3.27\"} --><\/p>\n","protected":false},"excerpt":{"rendered":"<p>_MAN6431.tif 10120_Kuestenstrasse_ret.psd STV PLUS | Poobla\u0161\u010deni serviser vozil MAN O podjetju Podjetje STV Plus d.o.o. je specializirani serviser za tovorna vozila, lahka tovorna vozila in njihove nadgradnje, z ve\u010d kot 20 letnimi izku\u0161njami. Na\u0161i delavnici, v Novem mestu in na Bi\u010du, sta opremljeni z vsemi potrebnimi elektronskimi testerji, specialnimi orodji in napravami za popravilo vseh [&hellip;]<\/p>\n","protected":false},"author":1,"featured_media":0,"parent":0,"menu_order":4,"comment_status":"open","ping_status":"open","template":"","meta":[],"acf":[],"_links":{"self":[{"href":"https:\/\/man.stvplus.si\/index.php?rest_route=\/wp\/v2\/pages\/1"}],"collection":[{"href":"https:\/\/man.stvplus.si\/index.php?rest_route=\/wp\/v2\/pages"}],"about":[{"href":"https:\/\/man.stvplus.si\/index.php?rest_route=\/wp\/v2\/types\/page"}],"author":[{"embeddable":true,"href":"https:\/\/man.stvplus.si\/index.php?rest_route=\/wp\/v2\/users\/1"}],"replies":[{"embeddable":true,"href":"https:\/\/man.stvplus.si\/index.php?rest_route=%2Fwp%2Fv2%2Fcomments&post=1"}],"version-history":[{"count":62,"href":"https:\/\/man.stvplus.si\/index.php?rest_route=\/wp\/v2\/pages\/1\/revisions"}],"predecessor-version":[{"id":1511,"href":"https:\/\/man.stvplus.si\/index.php?rest_route=\/wp\/v2\/pages\/1\/revisions\/1511"}],"wp:attachment":[{"href":"https:\/\/man.stvplus.si\/index.php?rest_route=%2Fwp%2Fv2%2Fmedia&parent=1"}],"curies":[{"name":"wp","href":"https:\/\/api.w.org\/{rel}","templated":true}]}}